{"id":476,"date":"2022-12-17T08:53:24","date_gmt":"2022-12-17T11:53:24","guid":{"rendered":"https:\/\/grupoavn.com.br\/?page_id=476"},"modified":"2022-12-17T09:06:06","modified_gmt":"2022-12-17T12:06:06","slug":"seguranca-eventos","status":"publish","type":"page","link":"https:\/\/grupoavn.com.br\/index.php\/seguranca-eventos\/","title":{"rendered":"Seguran\u00e7a Eventos"},"content":{"rendered":"\t\t<div data-elementor-type=\"wp-page\" data-elementor-id=\"476\" class=\"elementor elementor-476\">\n\t\t\t\t\t\t<section class=\"elementor-section elementor-top-section elementor-element elementor-element-6119060 elementor-section-full_width elementor-section-height-default elementor-section-height-default\" data-id=\"6119060\" data-element_type=\"section\" data-settings=\"{&quot;background_background&quot;:&quot;classic&quot;}\">\n\t\t\t\t\t\t<div class=\"elementor-container elementor-column-gap-no\">\n\t\t\t\t\t<div class=\"aux-parallax-section elementor-column elementor-col-100 elementor-top-column elementor-element elementor-element-a71d068\" data-id=\"a71d068\" data-element_type=\"column\">\n\t\t\t<div class=\"elementor-widget-wrap elementor-element-populated\">\n\t\t\t\t\t\t<div class=\"elementor-element elementor-element-e9cb005 aux-appear-watch-animation aux-slide-from-bot elementor-widget elementor-widget-aux_modern_heading\" data-id=\"e9cb005\" data-element_type=\"widget\" data-widget_type=\"aux_modern_heading.default\">\n\t\t\t\t<div class=\"elementor-widget-container\">\n\t\t\t<section class=\"aux-widget-modern-heading\">\n            <div class=\"aux-widget-inner\"><p class=\"aux-modern-heading-primary\">Seguran\u00e7a Eventos<\/p><h4 class=\"aux-modern-heading-secondary\"><span class=\"aux-head-before\">Sucesso garantido<\/span><\/h4><div class=\"aux-modern-heading-divider\"><\/div><\/div>\n        <\/section>\t\t<\/div>\n\t\t\t\t<\/div>\n\t\t\t\t\t<\/div>\n\t\t<\/div>\n\t\t\t\t\t<\/div>\n\t\t<\/section>\n\t\t\t\t<section class=\"elementor-section elementor-top-section elementor-element elementor-element-206fdad elementor-section-boxed elementor-section-height-default elementor-section-height-default\" data-id=\"206fdad\" data-element_type=\"section\">\n\t\t\t\t\t\t<div class=\"elementor-container elementor-column-gap-default\">\n\t\t\t\t\t<div class=\"aux-parallax-section elementor-column elementor-col-100 elementor-top-column elementor-element elementor-element-4591318\" data-id=\"4591318\" data-element_type=\"column\">\n\t\t\t<div class=\"elementor-widget-wrap elementor-element-populated\">\n\t\t\t\t\t\t<div class=\"elementor-element elementor-element-e2f8070 elementor-widget elementor-widget-text-editor\" data-id=\"e2f8070\" data-element_type=\"widget\" data-widget_type=\"text-editor.default\">\n\t\t\t\t<div class=\"elementor-widget-container\">\n\t\t\t<style>\/*! elementor - v3.21.0 - 08-05-2024 *\/\n.elementor-widget-text-editor.elementor-drop-cap-view-stacked .elementor-drop-cap{background-color:#69727d;color:#fff}.elementor-widget-text-editor.elementor-drop-cap-view-framed .elementor-drop-cap{color:#69727d;border:3px solid;background-color:transparent}.elementor-widget-text-editor:not(.elementor-drop-cap-view-default) .elementor-drop-cap{margin-top:8px}.elementor-widget-text-editor:not(.elementor-drop-cap-view-default) .elementor-drop-cap-letter{width:1em;height:1em}.elementor-widget-text-editor .elementor-drop-cap{float:left;text-align:center;line-height:1;font-size:50px}.elementor-widget-text-editor .elementor-drop-cap-letter{display:inline-block}<\/style>\t\t\t\t<p>A seguran\u00e7a de eventos \u00e9 um dos pontos que muitas vezes \u00e9 visto por \u00faltimo, mas que faz toda a diferen\u00e7a em um evento.<br \/>No geral todas as pessoas querem participar de bons eventos, seja para celebrar, curtir ou simplesmente para aproveitar o momento e nesse cen\u00e1rio seguran\u00e7a \u00e9 essencial.<\/p><p>Quais os problemas que a seguran\u00e7a de eventos terceirizada pode evitar?<\/p><p>O primeiro ponto positivo \u00e9 que com uma equipe terceirizada voc\u00ea garante a efic\u00e1cia da seguran\u00e7a do evento e diminui a sua preocupa\u00e7\u00e3o com a equipe de trabalho.<\/p><p>Essa equipe pode trabalhar garantindo a atua\u00e7\u00e3o em diversas situa\u00e7\u00f5es como:<\/p><p>retirada de indiv\u00edduo sem convite, ingresso ou credencial;<\/p><p>controle de indiv\u00edduo armado;<\/p><p>controle de brigas no espa\u00e7o do evento;<\/p><p>aux\u00edlio \u00e0 evacua\u00e7\u00e3o do espa\u00e7o, em caso de inc\u00eandio, explos\u00e3o, vazamento de g\u00e1s ou outros.<br \/>Quanto maior o seu evento mais chances que problemas como esse aconte\u00e7am. Por isso \u00e9 necess\u00e1rio ter uma equipe proporcional ao tamanho do evento.<br \/>Em diversos locais se trabalha com a m\u00e9dia de 2% do p\u00fablico total, ou seja, um evento com 100 pessoas precisa ter no m\u00ednimo 2 pessoas atuando na seguran\u00e7a do local.<br \/>Levando em considera\u00e7\u00e3o esse c\u00e1lculo eventos maiores, precisam de dezenas e em alguns casos at\u00e9 centenas de pessoas para cobrir todo o evento.<br \/>E com uma equipe terceirizada voc\u00ea poder\u00e1 ter uma cobertura completa, sem ter que se preocupar com itens operacionais para a atua\u00e7\u00e3o da equipe de trabalho<\/p>\t\t\t\t\t\t<\/div>\n\t\t\t\t<\/div>\n\t\t\t\t\t<\/div>\n\t\t<\/div>\n\t\t\t\t\t<\/div>\n\t\t<\/section>\n\t\t\t\t<section class=\"elementor-section elementor-top-section elementor-element elementor-element-41908653 elementor-section-full_width elementor-section-height-default elementor-section-height-default\" data-id=\"41908653\" data-element_type=\"section\">\n\t\t\t\t\t\t<div class=\"elementor-container elementor-column-gap-default\">\n\t\t\t\t\t<div class=\"aux-parallax-section elementor-column elementor-col-100 elementor-top-column elementor-element elementor-element-285148b9\" data-id=\"285148b9\" data-element_type=\"column\">\n\t\t\t<div class=\"elementor-widget-wrap elementor-element-populated\">\n\t\t\t\t\t\t<div class=\"elementor-element elementor-element-5c5fed33 elementor-cta--skin-classic elementor-animated-content elementor-bg-transform elementor-bg-transform-zoom-in elementor-widget elementor-widget-call-to-action\" data-id=\"5c5fed33\" data-element_type=\"widget\" data-widget_type=\"call-to-action.default\">\n\t\t\t\t<div class=\"elementor-widget-container\">\n\t\t\t<link rel=\"stylesheet\" href=\"https:\/\/grupoavn.com.br\/wp-content\/plugins\/elementor-pro\/assets\/css\/widget-call-to-action.min.css\">\t\t<div class=\"elementor-cta\">\n\t\t\t\t\t<div class=\"elementor-cta__bg-wrapper\">\n\t\t\t\t<div class=\"elementor-cta__bg elementor-bg\" style=\"background-image: url(https:\/\/grupoavn.com.br\/wp-content\/uploads\/2022\/12\/topo-fale-conosco.jpg);\"><\/div>\n\t\t\t\t<div class=\"elementor-cta__bg-overlay\"><\/div>\n\t\t\t<\/div>\n\t\t\t\t\t\t\t<div class=\"elementor-cta__content\">\n\t\t\t\t\n\t\t\t\t<h2 class=\"elementor-cta__title elementor-cta__content-item elementor-content-item\">Fa\u00e7a um Or\u00e7amento<\/h2>\n\t\t\t\t\t\t\t\t\t<div class=\"elementor-cta__description elementor-cta__content-item elementor-content-item\">\n\t\t\t\t\t\tFala com um especialista agora!\t\t\t\t\t<\/div>\n\t\t\t\t\n\t\t\t\t\t\t\t\t\t<div class=\"elementor-cta__button-wrapper elementor-cta__content-item elementor-content-item \">\n\t\t\t\t\t<a class=\"elementor-cta__button elementor-button elementor-size-sm\" href=\"https:\/\/api.whatsapp.com\/send?phone=5571997367917&#038;text=Ol%C3%A1%20quero%20falar%20com%20um%20especialista%20sobre%20seguran%C3%A7a!\" target=\"_blank\" rel=\"nofollow\">\n\t\t\t\t\t\tOr\u00e7amentos\t\t\t\t\t<\/a>\n\t\t\t\t\t<\/div>\n\t\t\t\t\t\t\t<\/div>\n\t\t\t\t\t\t\t<div class=\"elementor-ribbon\">\n\t\t\t\t<div class=\"elementor-ribbon-inner\">Fale agora!<\/div>\n\t\t\t<\/div>\n\t\t\t\t<\/div>\n\t\t\t\t<\/div>\n\t\t\t\t<\/div>\n\t\t\t\t\t<\/div>\n\t\t<\/div>\n\t\t\t\t\t<\/div>\n\t\t<\/section>\n\t\t\t\t<\/div>\n\t\t","protected":false},"excerpt":{"rendered":"<p>Seguran\u00e7a Eventos Sucesso garantido A seguran\u00e7a de eventos \u00e9 um dos pontos que muitas vezes \u00e9 visto por \u00faltimo, mas que faz toda a diferen\u00e7a em um evento.No geral todas as pessoas querem participar de bons eventos, seja para celebrar, curtir ou simplesmente para aproveitar o momento e nesse cen\u00e1rio seguran\u00e7a \u00e9 essencial. Quais os [&hellip;]<\/p>\n","protected":false},"author":1,"featured_media":0,"parent":0,"menu_order":0,"comment_status":"closed","ping_status":"closed","template":"elementor_header_footer","meta":{"footnotes":""},"_links":{"self":[{"href":"https:\/\/grupoavn.com.br\/index.php\/wp-json\/wp\/v2\/pages\/476"}],"collection":[{"href":"https:\/\/grupoavn.com.br\/index.php\/wp-json\/wp\/v2\/pages"}],"about":[{"href":"https:\/\/grupoavn.com.br\/index.php\/wp-json\/wp\/v2\/types\/page"}],"author":[{"embeddable":true,"href":"https:\/\/grupoavn.com.br\/index.php\/wp-json\/wp\/v2\/users\/1"}],"replies":[{"embeddable":true,"href":"https:\/\/grupoavn.com.br\/index.php\/wp-json\/wp\/v2\/comments?post=476"}],"version-history":[{"count":10,"href":"https:\/\/grupoavn.com.br\/index.php\/wp-json\/wp\/v2\/pages\/476\/revisions"}],"predecessor-version":[{"id":507,"href":"https:\/\/grupoavn.com.br\/index.php\/wp-json\/wp\/v2\/pages\/476\/revisions\/507"}],"wp:attachment":[{"href":"https:\/\/grupoavn.com.br\/index.php\/wp-json\/wp\/v2\/media?parent=476"}],"curies":[{"name":"wp","href":"https:\/\/api.w.org\/{rel}","templated":true}]}}